g, -2*m + 192 = 2*m - 4*g. List the prime factors of m.
2, 13
Let a = 109 + -28. Suppose -5*t + 10 = 0, a = -w + 4*t + 2. Let b = -45 - w. List the prime factors of b.
2, 13
Suppose -3*o + 30 + 15 = 0. Let f = -130 + 127. List the prime factors of o/(3 - 2) - f.
2, 3
Let p = -8110 + 11992. What are the prime factors of p?
2, 3, 647
Let r be (5886/(-4))/(-9)*(-14)/(-21). Let a = 34 - 92. Let u = r + a. What are the prime factors of u?
3, 17
Suppose 122 = 2*m - 4*z - 2460, 0 = -m - 3*z + 1296. What are the prime factors of m?
3, 431
Let n = 1532 + 3750. What are the prime factors of n?
2, 19, 139
Let u(i) = -i**3 - 16*i**2 + 52*i + 7. List the prime factors of u(-20).
3, 7
Suppose -3377 = -4*d + 3*n + 498, 4*n + 2915 = 3*d. List the prime factors of d.
5, 193
Suppose -2*i + 4*i + 16 = 2*r, -2*r = i - 7. Suppose -3*q + 41 = 3*h - r*q, h - 32 = -3*q. List the prime factors of h + (0 + 0 - -3).
2, 5
Let x(k) = 48*k - 69. List the prime factors of x(15).
3, 7, 31
Suppose -v + 2*a = -687, 3*v + a = 4*a + 2070. What are the prime factors of v?
3, 7, 11
List the prime factors of (34/6)/((-24)/(-2592)).
2, 3, 17
Suppose 5*s - 8*s = -6. Suppose 0 = 3*h + 15, 7*h = s*d + 3*h - 120. What are the prime factors of d?
2, 5
Suppose -11*t + 10*t = -5. Suppose -4*x - 6*f + 2*f + 172 = 0, t*x + 3*f = 217. List the prime factors of x.
2, 11
Suppose 4*x + 5*m + 17 = 0, 21 = 2*x - 4*x - 5*m. Suppose -3*q = -5*c - 5, -q + 3*c + x*c + 5 = 0. Suppose q*d - d + 2 = 0. What are the prime factors of d?
2
Suppose -3*a - 120 + 636 = 0. What are the prime factors of a?
2, 43
Let u(f) = 8*f - 3. Let q be u(1). Suppose q*v - v - 304 = 0. Suppose 134 = 7*n - v. List the prime factors of n.
2, 3, 5
Let l = 1459 - 787. Suppose -3*n = -5*s - 168 + l, -3*s + 282 = 5*n. List the prime factors of s.
3, 11
Suppose -8*c + 2191 = -2193. What are the prime factors of c?
2, 137
Let m be 134/6 - -3*4/(-36). What are the prime factors of m + 4 + 2 + 2?
2, 3, 5
Let u(w) be the second derivative of w**4/12 + 4*w**3/3 + 3*w**2/2 + w. Let l be (48/30)/(-2 + (-18)/(-10)). What are the prime factors of u(l)?
3
Let d be (3/(-2) - 0)*6. Let m = 11 + d. Suppose 0 = -m*l + y + 1, 5*y = -2*l + 6*l + 13. What are the prime factors of l?
3
What are the prime factors of -14*12/9*621/(-6)?
2, 3, 7, 23
Suppose 278 = 5*j - 4*h + 6, 3*j - 170 = -h. Let n = j + -42. What are the prime factors of n?
2, 7
Let i = 11 + -21. List the prime factors of ((-24)/i)/(54/900).
2, 5
Let j = -31 - -17. Suppose 0 = 21*y - 22*y + 7. Let t = y - j. What are the prime factors of t?
3, 7
Let d(x) = 17*x**2 + x + 33. Let g(y) = -8*y**2 - 17. Let m(h) = -4*d(h) - 9*g(h). List the prime factors of m(4).
3, 23
Suppose -3*q = 15 + 9. Let b = q + 6. Let g(n) = 3*n**2 + 3*n + 2. List the prime factors of g(b).
2
Let l(b) be the third derivative of b**6/120 + 7*b**5/60 + b**4/8 + 2*b**3/3 + 15*b**2. List the prime factors of l(-5).
3, 13
Suppose 0 = -2*o - 2*i - 5 - 1, -2*o + i = -9. Let r be 8 + -3 + (3 - o). Suppose 2*h - 12 = r. List the prime factors of h.
3
Let d(k) = 1703*k**2 - 16*k + 14. List the prime factors of d(1).
3, 7
Let x be (-8)/(-10)*45/(-6). Let c = x - -5. List the prime factors of (c + 2)/(2/36).
2, 3
Suppose -20 = -0*v + 2*v. Let c = v - -13. Suppose 39 = -c*d + 4*d. List the prime factors of d.
3, 13
Suppose o - 3*i + 17 = -0, -5*i = 4*o + 136. Let g = 51 + o. List the prime factors of g.
2, 11
Let q(p) = -4*p**2 + 46*p - 7. Let o(r) = 9*r**2 - 93*r + 13. Let v(l) = 6*o(l) + 13*q(l). What are the prime factors of v(-22)?
3, 5
Suppose 3 = 4*j - 13, -n = -4*j - 119. Suppose -6*v + n + 99 = 0. What are the prime factors of v?
3, 13
Let q(f) be the third derivative of -f**6/120 + f**5/15 - f**4/4 - 5*f**2. Let z be q(4). Let n = 50 + z. What are the prime factors of n?
2, 13
List the prime factors of 3 + -4 - -796 - (-6)/(-2).
2, 3, 11
Let l = -148 - -408. List the prime factors of ((-42)/35)/((-6)/l).
2, 13
Let w = -539 + 1184. What are the prime factors of w?
3, 5, 43
List the prime factors of (-5)/(-5)*((166 - -1) + 0).
167
Suppose m - 8 = -3*m. Suppose -w - 2*y = m*y - 13, 16 = 4*y. List the prime factors of w/6 + 371/14.
2, 13
Suppose 3*b - 1 = -0*b - h, 2*h - 2 = b. Suppose b = -8*j + 6*j + 70. List the prime factors of j.
5, 7
Let o(n) = -n**3 - 14*n**2 - n - 17. Let p be o(-14). Let f(q) = -q**3 - 2*q**2 + 5*q + 4. Let s be f(p). List the prime factors of s/6*(-134 - 4).
2, 23
List the prime factors of (7 + -3754 + -7)/(-2).
1877
Suppose 2*l - 3*y + 86 = 0, 6*y + 107 = -3*l + 5*y. Let x = l - -263. List the prime factors of x.
2, 113
Let v(q) = q**2 - 6*q + 18. Let j be v(-9). Let m = j - 4. List the prime factors of m.
149
Suppose 4*z + 2 - 12 = 3*c, -12 = -2*c - 2*z. Let i be 19 + -1 + 2/2. List the prime factors of 0/c - i/(-1).
19
Let s(m) = m**2 + 9*m + 3. Let b be s(-9). Suppose b*o - i = -38, 5*i = 3*o - 0*o + 46. Let f = 2 - o. What are the prime factors of f?
2, 7
Let o(z) = 0 - 2*z**2 - z**2 + 0*z**2 + 3*z + 30*z**3 - 2. List the prime factors of o(1).
2, 7
List the prime factors of -2*-1*2474/4.
1237
Let z be (-49)/(-28) - 2/(-8). Let a be (z + -7)*(-8)/(-2). Let m = -7 - a. What are the prime factors of m?
13
Let i = -12 + -2. Let v(q) = -q**2 + 7. Let u be v(7). List the prime factors of 4/i - 1860/u.
2, 11
Suppose -3*h = y - 6*y + 237, y - 37 = -2*h. Let k = 129 + y. List the prime factors of k.
2, 3, 29
Let h(g) be the second derivative of -g**5/20 + g**4/12 - g**3/6 - 3*g**2 + 7*g. Let d be h(0). Let k = -2 - d. List the prime factors of k.
2
Let y(t) = t**3 - 3*t**2 - 10*t + 8. Suppose 4*r = 14 + 10. List the prime factors of y(r).
2, 7
Let d be 5/(5/(-4)) + 80. Suppose -3*p + 130 = 5*k - 50, -2*k - 2*p = -d. List the prime factors of k.
3, 11
Suppose -5*i + 177 = 4*j - 3*j, 3*j = -2*i + 63. List the prime factors of (0 + 1)*(i - -2)*1.
2, 19
Let v(n) = 2*n**2 + 44*n - 21. Let r = -23 - 1. List the prime factors of v(r).
3, 5
Suppose q - 5*r - 4 = 0, 0 = -3*r - r. Let a be ((-369)/36)/((-2)/32). Suppose 3*n - 81 = -3*p, -2*n - 46 + a = q*p. List the prime factors of p.
2
Suppose -3*r + r + 6 = d, 4*r - 12 = 4*d. Suppose -r*a + 16 = -2*c, -3*a = -4*c - 23 - 3. Suppose -a*x = -0*x - 6. List the prime factors of x.
3
List the prime factors of ((-1)/(-1) + -3)/((-154)/13321).
173
Suppose -5*h + 5*i + 20 = 0, 2*h + 2*i = 5 + 11. Let v = 8 - h. Suppose -v*a - 36 = -4*a. What are the prime factors of a?
2, 3
Suppose -4 = 2*k, -2*l - 4*k + 0 - 2 = 0. Suppose 4*d - 3*j - 1 = 4, -2*d - l*j = -7. What are the prime factors of d/(-6) - 248/(-6)?
41
Let m be ((-4)/(-7))/2 + 630/(-147). Let g(v) = -4*v - v**3 - 2*v**2 + 5 + 2*v**2 - 5*v**2. List the prime factors of g(m).
5
Suppose 3144 = 110*d - 104*d. What are the prime factors of d?
2, 131
Suppose 2*i + 3*i + 1615 = w, 4*w - i = 6498. What are the prime factors of w?
5, 13
Let q(k) = 338*k - 10. What are the prime factors of q(5)?
2, 3, 5, 7
Let x be 144*(-4 - 64/(-12)). Suppose 2*m + 0*m = x. List the prime factors of m.
2, 3
Suppose 6*i + 2*m = 7*i - 711, i = 4*m + 719. What are the prime factors of i?
19, 37
List the prime factors of 2/(-16) - 410091/(-408).
3, 5, 67
Let b = -183 + 0. Let a = -3 - b. What are the prime factors of a?
2, 3, 5
Let w(v) = v**3 + 20*v**2 + 15*v - 24. Let r be w(-19). Suppose -r + 12 = -5*g. Suppose -5*c + 6*c = g. List the prime factors of c.
2
Let s = 697 + -250. What are the prime factors of s?
3, 149
Suppose 0 = 2*q + 3*d - 25, 5*d + 15 = 4*q + 4*d. Suppose 3*g = 5*h - 49, -h + q*g = 3*g - 14. Suppose 0 = -l + h - 3. List the prime factors of l.
5
Let a(d) = -d**3 - 17*d**2 - 1. Let k(f) = f**2 + 1. Let s(t) = a(t) + 4*k(t). What are the prime factors of s(-13)?
3
Let d(n) = -10*n + 1. Let q(u) = -21*u + 2. Let m(t) = 7*d(t) - 4*q(t). Let j(l) = -l. Let i(y) = 6*j(y) + m(y). List the prime factors of i(1).
7
Suppose -3*q + 360 = 4*s - 1077, -3*s - 5*q + 1075 = 0. Let n = s + -247. What are the prime factors of n?
113
Let q(x) = -6*x**3 + 4*x**2 - x + 8. What are the prime factors of q(-5)?
863
Let g(d) = 35*d**3 - 9*d**2 + 5*d + 7. What are the prime factors of g(3)?
2, 443
Let f(u) = -2*u**2 + u - 4. Let r(v) = -v**2. Let g(n) = -f(n) + r(n). List the prime factors of g(-2).
2, 5
Let u(i) = 10*i + 7. Let v be u(